{"id":3084,"date":"2018-12-14T17:09:06","date_gmt":"2018-12-14T16:09:06","guid":{"rendered":"http:\/\/hutmachergass.de\/hmg\/steffsblog\/?page_id=3084"},"modified":"2019-11-02T22:05:36","modified_gmt":"2019-11-02T21:05:36","slug":"donnersberg","status":"publish","type":"page","link":"https:\/\/hutmachergass.de\/hmg\/steffsblog\/?page_id=3084","title":{"rendered":"donnersberg"},"content":{"rendered":"<p>Mit dem Zug nach Bad Kreuznach, mit dem Rad 2 km Nahetal nach Bad M\u00fcnster am Stein und weiter durchs  Alsenztal, zum Donnersberg hoch und \u00fcber Kirchheimbolanden durchs Pfrimmtal runter nach Worms und Bensheim.<\/p>\n<p><a href=\"http:\/\/reisen.hutmachergass.de\/rareiforum\/touren\/donnersberg-2017\/20170728103211-1280.jpg\"><img decoding=\"async\" src=\"http:\/\/reisen.hutmachergass.de\/rareiforum\/touren\/donnersberg-2017\/20170728103211.jpg\"\/><\/a><\/p>\n<p><a href=\"http:\/\/reisen.hutmachergass.de\/rareiforum\/touren\/donnersberg-2017\/20170728110634-1280.jpg\"><img decoding=\"async\" src=\"http:\/\/reisen.hutmachergass.de\/rareiforum\/touren\/donnersberg-2017\/20170728110634.jpg\"\/><\/a><\/p>\n<p><a href=\"http:\/\/reisen.hutmachergass.de\/rareiforum\/touren\/donnersberg-2017\/20170728111250-1280.jpg\"><img decoding=\"async\" src=\"http:\/\/reisen.hutmachergass.de\/rareiforum\/touren\/donnersberg-2017\/20170728111250.jpg\"\/><\/a><\/p>\n<p>Das Alsenztal ist landschaftlich ganz h\u00fcbsch und strahlt den Charme der pf\u00e4lzischen Provinz aus, erlassene oder grell angestrichene H\u00e4user, aufgegebene Haltepunkte, an denen die Z\u00fcge vorbeifahren. Entsprechend ist die Pkw-Dichte und das Fahrverhalten.<\/p>\n<p><a href=\"http:\/\/reisen.hutmachergass.de\/rareiforum\/touren\/donnersberg-2017\/20170728135320-1280.jpg\"><img decoding=\"async\" src=\"http:\/\/reisen.hutmachergass.de\/rareiforum\/touren\/donnersberg-2017\/20170728135320.jpg\"\/><\/a><\/p>\n<p><a href=\"http:\/\/reisen.hutmachergass.de\/rareiforum\/touren\/donnersberg-2017\/20170728140033-1280.jpg\"><img decoding=\"async\" src=\"http:\/\/reisen.hutmachergass.de\/rareiforum\/touren\/donnersberg-2017\/20170728140033.jpg\"\/><\/a><\/p>\n<p><a href=\"http:\/\/reisen.hutmachergass.de\/rareiforum\/touren\/donnersberg-2017\/20170728142144-1280.jpg\"><img decoding=\"async\" src=\"http:\/\/reisen.hutmachergass.de\/rareiforum\/touren\/donnersberg-2017\/20170728142144.jpg\"\/><\/a><\/p>\n<p>Der Donnersberg mit der Keltensiedlung lohnt einen Besuch; die Aussicht vom Ludwigsturm ist beeindruckend, wenns blo\u00df bessere Sicht gegeben h\u00e4tte. Es sind aber \u00fcber 500 H\u00f6henmeter zu bew\u00e4ltigen.<\/p>\n<p><a href=\"http:\/\/reisen.hutmachergass.de\/rareiforum\/touren\/donnersberg-2017\/20170728142405-1280.jpg\"><img decoding=\"async\" src=\"http:\/\/reisen.hutmachergass.de\/rareiforum\/touren\/donnersberg-2017\/20170728142405.jpg\"\/><\/a><\/p>\n<p><a href=\"http:\/\/reisen.hutmachergass.de\/rareiforum\/touren\/donnersberg-2017\/20170728150509-1280.jpg\"><img decoding=\"async\" src=\"http:\/\/reisen.hutmachergass.de\/rareiforum\/touren\/donnersberg-2017\/20170728150509.jpg\"\/><\/a><\/p>\n<p><a href=\"http:\/\/reisen.hutmachergass.de\/rareiforum\/touren\/donnersberg-2017\/20170728150659-1280.jpg\"><img decoding=\"async\" src=\"http:\/\/reisen.hutmachergass.de\/rareiforum\/touren\/donnersberg-2017\/20170728150659.jpg\"\/><\/a><\/p>\n<p>Benutzungspflichtige Radwege in Kirchheimbolanden: einfach nur \u00e4tzend; Umwege, nicht abgesenkte Bordsteinkanten. Auf Bilder davon hab ich verzichtet, um mich nicht noch mehr zu \u00e4rgern. Die Altstadt von Kibo, &#8220;Kirchheim bei Bolanden&#8221;, ist auch h\u00fcbsch, aber ein Cafe hab ich nicht gefunden. Gibts wahrscheinlich nur noch bei den Superm\u00e4rkten au\u00dferhalb.<\/p>\n<p><a href=\"http:\/\/reisen.hutmachergass.de\/rareiforum\/touren\/donnersberg-2017\/20170728161040-1280.jpg\"><img decoding=\"async\" src=\"http:\/\/reisen.hutmachergass.de\/rareiforum\/touren\/donnersberg-2017\/20170728161040.jpg\"\/><\/a><\/p>\n<p><a href=\"http:\/\/reisen.hutmachergass.de\/rareiforum\/touren\/donnersberg-2017\/20170728161323-1280.jpg\"><img decoding=\"async\" src=\"http:\/\/reisen.hutmachergass.de\/rareiforum\/touren\/donnersberg-2017\/20170728161323.jpg\"\/><\/a><\/p>\n<p><a href=\"http:\/\/reisen.hutmachergass.de\/rareiforum\/touren\/donnersberg-2017\/20170728165505-1280.jpg\"><img decoding=\"async\" src=\"http:\/\/reisen.hutmachergass.de\/rareiforum\/touren\/donnersberg-2017\/20170728165505.jpg\"\/><\/a><\/p>\n<p>Die Pfrimmanlagen in Worms sind zwar ganz nett, aber der Rest lohnt sich nicht, insbesondere der Weg nach Bensheim nicht. Das wusste ich aber schon vorher, war ja nicht zum ersten Mal mit dem Rad dort. Ich w\u00e4re besser von Monsheim mit dem Zug \u00fcber Worms und Bensheim nachhause gefahren.<\/p>\n<p>Langer Rede kurzer Sinn, das <a href=\"https:\/\/de.wikipedia.org\/wiki\/Alzeyer_H%C3%BCgelland\">Alzeyer H\u00fcgelland<\/a> und der Donnersberg lohnen eine Radtour.<\/p>\n","protected":false},"excerpt":{"rendered":"<p>Mit dem Zug nach Bad Kreuznach, mit dem Rad 2 km Nahetal nach Bad M\u00fcnster am Stein und weiter durchs Alsenztal, zum Donnersberg hoch und \u00fcber Kirchheimbolanden durchs Pfrimmtal runter nach Worms und Bensheim. Das Alsenztal ist landschaftlich ganz h\u00fcbsch &hellip; <a href=\"https:\/\/hutmachergass.de\/hmg\/steffsblog\/?page_id=3084\">Continue reading <span class=\"meta-nav\">&rarr;<\/span><\/a><\/p>\n","protected":false},"author":2,"featured_media":0,"parent":2096,"menu_order":0,"comment_status":"closed","ping_status":"closed","template":"","meta":{"footnotes":""},"class_list":["post-3084","page","type-page","status-publish","hentry"],"_links":{"self":[{"href":"https:\/\/hutmachergass.de\/hmg\/steffsblog\/index.php?rest_route=\/wp\/v2\/pages\/3084","targetHints":{"allow":["GET"]}}],"collection":[{"href":"https:\/\/hutmachergass.de\/hmg\/steffsblog\/index.php?rest_route=\/wp\/v2\/pages"}],"about":[{"href":"https:\/\/hutmachergass.de\/hmg\/steffsblog\/index.php?rest_route=\/wp\/v2\/types\/page"}],"author":[{"embeddable":true,"href":"https:\/\/hutmachergass.de\/hmg\/steffsblog\/index.php?rest_route=\/wp\/v2\/users\/2"}],"replies":[{"embeddable":true,"href":"https:\/\/hutmachergass.de\/hmg\/steffsblog\/index.php?rest_route=%2Fwp%2Fv2%2Fcomments&post=3084"}],"version-history":[{"count":0,"href":"https:\/\/hutmachergass.de\/hmg\/steffsblog\/index.php?rest_route=\/wp\/v2\/pages\/3084\/revisions"}],"up":[{"embeddable":true,"href":"https:\/\/hutmachergass.de\/hmg\/steffsblog\/index.php?rest_route=\/wp\/v2\/pages\/2096"}],"wp:attachment":[{"href":"https:\/\/hutmachergass.de\/hmg\/steffsblog\/index.php?rest_route=%2Fwp%2Fv2%2Fmedia&parent=3084"}],"curies":[{"name":"wp","href":"https:\/\/api.w.org\/{rel}","templated":true}]}}